me?
False
Suppose -25*p - 55289 = -38*p. Is p prime?
True
Let v = 841 + -270. Is v a prime number?
True
Let n(j) = -2291*j - 95. Is n(-2) composite?
True
Let z = -122 + -47. Let h = z - -672. Is h a prime number?
True
Let a(p) = -p**2 - 6*p + 1. Let x be a(-7). Let t(o) = -o - 7. Let k be t(x). Is (3 + k)*(-1953)/(-18) a composite number?
True
Let c be (-5 - 0)*(12 + -13). Suppose c*g + 8 = 4*h, -3*g - h + 2 = -0*h. Suppose 5*a = -5*u + 625, g*a - 5*u = 4*a - 498. Is a prime?
True
Let o = -52 + 36. Let b(z) = -z**3 - 10*z**2 - 9*z + 13. Is b(o) prime?
True
Let w(v) = v**3 + 38*v**2 + 27*v + 73. Is w(-34) a prime number?
True
Let z = -11 + 13. Suppose 0 = -3*i + 4*j + 1209, 144 = z*i - 4*j - 662. Is i prime?
False
Let d(k) be the first derivative of -3*k**4/4 + 7*k**3/3 + 3*k**2 - 11*k - 14. Is d(-6) a composite number?
False
Let t = -13074 + 39253. Is t prime?
False
Let f = -27 + 190. Is f composite?
False
Let o = -7066 - -12855. Is o a prime number?
False
Suppose -2*o = -2573 - 1469. Is o a prime number?
False
Let r be (-2 - 2*-5)/(1 + 0). Suppose 414 - 1334 = -r*t. Is t a prime number?
False
Let p(v) = v**3 - 12*v**2 + 4*v - 4. Let r be p(12). Suppose -r - 91 = -2*k - 3*t, -5*t = 5*k - 335. Suppose -6*b + 228 = -k. Is b a composite number?
True
Suppose -2*o + 3*o = -g + 201, -2*g - 1012 = -5*o. Is o a composite number?
True
Suppose -9*i - 2 = -10*i. Let y(m) = 1022*m**2 - 6*m + 7. Is y(i) composite?
True
Suppose -3*i - 70 + 413 = -n, 5*n + i = -1747. Let b = n + 563. Is b + -4 - -3 - 2 composite?
False
Let c = 1717 - 1187. Suppose 0 = 5*r + n - 0*n - 1334, -2*r + c = 4*n. Is r prime?
False
Let a(p) = 60*p**2 + 31. Is a(9) prime?
False
Is 30/12*(-1)/((-5)/7186) composite?
False
Suppose -2*i - 6 = -30. Suppose -2*b + 12698 = i*b. Is b a composite number?
False
Suppose 13*z - 504610 = 10*z + u, -z = -2*u - 168205. Is z a composite number?
True
Let c be (-5)/(197/(-98) - -2). Suppose 944 = -2*i + 6*i - 4*w, -5*i = -w - 1200. Let u = c - i. Is u a prime number?
False
Let l(v) = 2*v + 395. Suppose -10 = -f - 10. Is l(f) a prime number?
False
Let y = 9706 + 336. Is y prime?
False
Let g = 935 + 62. Let u = g + 4248. Is u composite?
True
Let u(r) = r**2 + 10. Let m be 20/15 + (-17)/(-3). Is u(m) composite?
False
Let c(o) = 2121*o**2 + 2*o + 9. Is c(2) prime?
False
Let j = 54167 - 37386. Is j a prime number?
False
Suppose 36 = -6*s + 18. Is (s/6*1)/(2/(-3316)) a prime number?
True
Suppose 2*l = -2*a + 10, 5*l = 2*l + 2*a + 20. Let n = l + 4. Is n a prime number?
False
Suppose 1504 + 3365 = 4*v + f, v - 5*f = 1212. Is v prime?
True
Let h be (10/6 + 1)*(-36)/(-24). Suppose -741 = -5*x + 4*x + h*f, 0 = -2*x + 5*f + 1491. Is x prime?
False
Let x(r) = 6*r**2 - 15*r + 3. Let u(o) = -o**2 + o. Let y(w) = -5*u(w) - x(w). Let p be y(9). Let i = 17 - p. Is i a composite number?
False
Suppose -7*g + 17544 = -19*g. Let z = g - -3429. Is z a prime number?
False
Suppose -300 = 14*r - 8182. Is r a prime number?
True
Let v = -1693 - -2773. Is 7/(v/1077 + -1) composite?
True
Is ((-265)/2)/(-5)*82 a composite number?
True
Is 8/22 - (-1713798)/66 composite?
True
Suppose 2*o - 5033 = 5063. Suppose -4*j - 780 = -o. Is j prime?
False
Is (76*-467 - 2)/(-2) composite?
False
Suppose -9*p + 20 = p. Suppose 13*x - p*x = 14465. Is x a composite number?
True
Is 5/(70/4) + (-1619805)/(-105) a composite number?
False
Suppose -893448 = -9*x - 230211. Is x a prime number?
True
Let l(y) = 4*y**2 - 3*y**2 + 4*y**3 + y - y**2 - y**2. Let m be l(1). Suppose 0 = r - m*r + 1041. Is r composite?
False
Let n be (70/(-5))/7*(-4610)/4. Is (n*1)/(-3*8/(-24)) composite?
True
Suppose -36*y - 20*y = -282968. Is y composite?
True
Suppose -4*b - 44 = -132. Let f = 53 - b. Is -8*f/(-1) - -3 composite?
False
Is -2 + (-6)/(18/(-3459))*1 a composite number?
False
Let n = -6 + 1907. Is n a prime number?
True
Suppose 4*r = p - 3 - 15, 0 = -5*p - 4*r - 6. Suppose p*s - k + 6267 = 7*s, 0 = -4*s + k + 5010. Is s a prime number?
False
Let o = -646 + 648. Let v(y) = -7*y + 5. Let f be v(-4). Suppose p - f - 44 = 4*a, 5*p = -o*a + 473. Is p a composite number?
True
Suppose 55*r - 1511 = 54*r. Is r a prime number?
True
Let b be (-2)/(2*1/(-1616)). Let p = b + -990. Is p composite?
True
Let o(c) = -145*c. Let j be o(2). Suppose 2*p = -2*p + 1788. Let u = j + p. Is u composite?
False
Let g(i) = 60*i - 7. Let b be g(-5). Let s = 431 + b. Is 3/(376/s - 3) a composite number?
True
Suppose -2*b - 5*t = 188, -2*t = 4*b + b + 491. Is (-22)/b - (-3121)/9 composite?
False
Suppose 0*x + 5 = x. Suppose -4*g - 250 = -2*u, -5*u - x*g = -8*u + 370. Suppose 4*i - 4*d = -2*d + 92, -u = -5*i - 4*d. Is i composite?
False
Let s(c) = -c**3 - 2*c**2 - c. Let m be s(-2). Suppose 0 = -4*r + 3*p + 12, p = 5*r + 3*p + 8. Suppose r*q + 1402 = m*q. Is q prime?
True
Suppose -2*s + 417 = -s. Suppose 0*h + k - s = -2*h, 201 = h + 2*k. Is h a prime number?
True
Suppose -39 = -5*n - 24. Suppose -6685 = -n*p - 2*p. Is p prime?
False
Suppose 4 = 2*u - 4*u. Let x be u + ((-16)/(-2) - 4). Suppose -2127 = -n - x*n. Is n a prime number?
True
Suppose 387 = k + 202. Let j(m) = -m + 599. Let q be j(0). Suppose -4*c + 142 = w - k, -2*w = -3*c - q. Is w a composite number?
False
Suppose 0 = 36*p - 77*p + 190363. Is p prime?
True
Let w be -4 - (3 - 6) - -1440. Let q = 212 + w. Is q a composite number?
True
Suppose 3*z = 5*w + 15 + 9, 3*z - 21 = 4*w. Suppose l - z*l - 114 = 4*q, -4*q - 297 = 5*l. Let f = l + 150. Is f a composite number?
False
Let i(l) be the first derivative of 163*l**2/2 - 11*l + 4. Is i(4) a prime number?
True
Let n(r) = 3*r**2 - 4*r - 1. Let o be n(-9). Suppose 8 = 2*j - 5*i - o, 0 = 5*j - 4*i - 681. Is j a prime number?
False
Suppose 5*a - 20 = 0, -4*a = -4*k + 2*k + 14470. Is k/13 + (-14)/91 composite?
False
Let n = -48 - -51. Suppose -3*b = -4*w + 3*w - 926, -2*b + 629 = -n*w. Is b a composite number?
False
Suppose 318 = 4*h - 7*h. Let k = 207 + h. Let t = -22 + k. Is t composite?
False
Suppose 11*k - 44*k = -1376727. Is k prime?
True
Let f(d) = 11*d**2 + 11 - 4*d - 2*d + 8*d - 17. Is f(4) a composite number?
True
Let t(y) = -y**2 + y + 12. Let u be t(-4). Is (-2)/(-4) + (-2548)/u prime?
False
Suppose 2*b = -2*y + 2724 - 372, 2*b - 2380 = 5*y. Suppose 5*j = j + b. Is j a composite number?
True
Let y = 10013 + -5686. Is y composite?
False
Let q = 9 - 7. Let t(v) = 34*v - 25. Let a be t(13). Suppose 0*l + 2*o + a = l, q*l - 820 = -3*o. Is l prime?
False
Suppose 5*j + 3*i = -9, 0 = -0*j + 3*j - 2*i + 13. Is (-3 + (3 - 3))/(j/911) composite?
False
Let n(q) = -1378*q + 315. Is n(-28) prime?
False
Suppose -u + 4 = 0, -36 - 9 = -5*c - 5*u. Suppose k + s - 1155 = 0, -1171 = -4*k + 3*k - c*s. Is k a prime number?
True
Suppose -3*c = c - 56. Let r = c - 12. Is r + 952 + -4 - 3 a prime number?
True
Let w be (5/2)/((-5)/(-10)). Suppose -b - 593 = -3*l + l, w*l + 3*b = 1466. Is l prime?
False
Suppose v = 3*d - 8*d - 4, 2*v = 5*d + 7. Is (-2)/(1 + v)*(-371)/7 prime?
True
Let n = 267 + 366. Is n composite?
True
Suppose -5*q + 15*q = 101210. Is q prime?
False
Suppose 2*w - 6 = 0, 5*k = 3*w + 82946 + 6845. Is 0 + k/12 + (-1)/(-3) a composite number?
True
Is (-2)/2 - (-66 + -4634) prime?
False
Suppose -5*q - 13 = -3. Let h be q*3/12*-10. Suppose -5*t + 55 = 5*o, 0 = h*o - 2*o + 2*t - 35. Is o a composite number?
False
Suppose 5*m - 48775 = b, 4*m + 3*b - 27527 = 11493. Is m prime?
False
Let j = -53 + 55. Suppose j*n + 18 - 688 = 0. Is n a composite number?
True
Suppose -6 = -2*j + 6. Suppose 4*q + 6 = j*q. Suppose 0 = 4*t - q*k + 6*k - 570, -288 = -2*t - 3*k. Is t prime?
False
Let w = 69 + -316. Let l = w - -696. Is l composite?
False
Let m(b) = -b**3 + b**2 - b + 1. Let u(j) = -3*j**3 - 17*j**2 + 10*j + 21. Let y(d) = 2*m(d) - u(d). Is y(-18) a composite number?
False
Let u(r) = -r**3 - 3*r**2 + 2*r - 5. Suppose -3*s + 5 = 23. Is u(s) a prime number?
False
Let v be 1*(1 + (-146)/(-2)). Suppose -k - v = -3*k. Suppose 2*w - k = 37. Is w a prime number?
True
Suppose 6*g - 77365 = 263. Is g prime?
False
Suppose 0 = 2560*l - 2564*l + 5444. Is l a prime number?
True
Suppose -5*m + 7803 = -4967. Is m a prime number?
False
Suppose 3 = -2*r + 17. Let j(p) = -211 + 28*p + 0*p + 202. Is j(r) prime?
False
Let s(b) = -9*b - 79*b - 4 - 11. Is s(-19) a composi